t is the tens digit of a?
0
Let t = 89747 - 11408. What is the tens digit of t?
3
Let w(j) = j**3 - 41*j**2 - 98*j + 216. What is the tens digit of w(46)?
8
Let g = 624 + -18. Suppose g = 14*m - 8*m. What is the hundreds digit of m?
1
Suppose 51220 = -194*l + 204*l. What is the units digit of l?
2
Let f(l) = l**3 - 4*l**2 + 2*l - 6. Let q be f(4). Suppose -q*w = -2*n - 1272, -4*n = -10*w + 12*w - 1290. What is the tens digit of w?
3
Suppose 4*q = -5*i + 6121, -62*q - 2430 = -2*i - 59*q. What is the thousands digit of i?
1
What is the thousands digit of (-889860)/(-450)*(-15)/(-2)?
4
Suppose -2*u = g - 4*g - 7, 3*u + g = 5. Suppose 2*k + 2 = 0, -d - 2*k - 2 = u*d. Suppose d = 6*j - 334 - 158. What is the tens digit of j?
8
Let w = -72 + 123. What is the units digit of (1036/6)/14*w?
9
Let m(n) = 480*n**2 - 61*n - 439. What is the hundreds digit of m(-8)?
7
Let l(i) = -16*i - 391. Let d(w) = 3*w + 78. Let x(m) = 11*d(m) + 2*l(m). What is the tens digit of x(-13)?
6
Let b = 39577 - 17591. What is the ten thousands digit of b?
2
Let o = -117 + 128. Suppose -35 = -2*w + 5*b, 3 = -5*w + 2*b + 38. Let s = o + w. What is the tens digit of s?
1
Let h = 56 - 37. Let x(s) = s**2 - 21*s + 40. Let d be x(h). What is the tens digit of (-129)/(-9) - d - (-2)/3?
1
Let i(m) = 32*m**2 - 3*m + 2. Suppose j = 6*j + 10. What is the tens digit of i(j)?
3
Let g = 236 + -216. Suppose -10*b + g*b - 1620 = 0. What is the hundreds digit of b?
1
Suppose 11*u = 10*u - 52. Let t = u + 46. What is the tens digit of 12/(-9) - -1 - 86/t?
1
Suppose -4*r = -5*j - 27, 19 = -2*r + 5*r - 5*j. Suppose -1219 - 1221 = -r*o. What is the hundreds digit of o?
3
Let t(k) = 352*k + 59 - 310*k - 266. What is the thousands digit of t(30)?
1
Suppose -2*h - 3*d + 61 = 0, -4*d + 116 = 4*h - 0. Suppose -h*k - 2824 = -34*k. What is the tens digit of k?
5
Let l(r) = 48*r + 4. Let h be l(5). Suppose -7*o - h = -3*g - 2*o, -5*o = -g + 98. Let d = g + 8. What is the units digit of d?
1
Suppose -2*n - 4*f = -17 + 27, -3*f = 4*n + 25. What is the hundreds digit of -1 - n/(-21)*-2823?
9
Let d = 15283 - 7539. What is the tens digit of d?
4
What is the units digit of 44324 - (2/4*-3)/(229/458)?
7
Let x(i) = -2*i - 3. Let k(s) = -2*s**2 - 17*s + 13. Let n be k(-10). What is the units digit of x(n)?
1
Let u(t) = -13*t**3 + 14*t**2 - 5*t + 65. What is the units digit of u(-13)?
7
Let f be (-26)/39 - (-458)/(-6). Let a be 6/21 - 363/f. Suppose a*x = 4*c + 548, 5*c + 5 + 5 = 0. What is the hundreds digit of x?
1
What is the hundreds digit of ((-128596)/(-234))/(14/63)?
4
Suppose 18*d + 3 = 21*d, -a = 5*d - 9715. What is the hundreds digit of a?
7
Let f(v) = 6*v**2 - 7*v + 3. Let t be 1 + (29 - (-16)/(-4)). Suppose 5 = 7*s + t. What is the tens digit of f(s)?
7
Let y(a) = -a**2 + 16*a - 63. Let l be y(10). Let f be 336 - -4*(-4 - l). What is the units digit of (f/14)/((-29)/(-203))?
6
Suppose 11*g = 3495 + 97309. What is the units digit of g?
4
Let m be (-1 + 1)*(1 - 2)*-1. Suppose m = 30*f + 1088 - 8978. What is the tens digit of f?
6
Suppose -4682 - 7106 = -28*t. Suppose q - t - 329 = 5*x, -4*x = 8. What is the units digit of q?
0
Let g = -16942 + 43432. What is the hundreds digit of g?
4
Suppose 33*w + 114*w = 97*w + 973750. What is the hundreds digit of w?
4
Suppose 8994 + 6990 = 4*a - t, 2*a + 4*t = 7992. What is the hundreds digit of a?
9
Let f(o) = 14*o + 766. What is the units digit of f(-40)?
6
What is the tens digit of (-1548495)/390*(-16)/6?
8
What is the thousands digit of (-3326)/((-15)/(-720)*-8)?
9
Let r = -620 + 932. What is the hundreds digit of (-2)/16 + -3*(-70109)/r?
6
Let f(m) = -m**3 + 41*m**2 - 2*m + 90. Let j(r) = r**2 - 3*r + 13. Let v be j(-4). What is the units digit of f(v)?
8
Let r = 1508 - 296. What is the thousands digit of r?
1
Suppose 441*h - 432*h = -18666. Let m = h + 3530. What is the hundreds digit of m?
4
Let x = 14175 - -4157. What is the thousands digit of x?
8
What is the units digit of ((-19)/38 + 0 + (-3)/(-30))*-105?
2
Let u be -465 + 470 - (-1 - -1). Let l be 3/(6/(-4)) + 46. Suppose u*z - 67 = -3*q, -22 = -2*q + 2*z + l. What is the units digit of q?
9
Let k(n) = 1521*n - 1146. What is the tens digit of k(6)?
8
Let b = -135 - -158. Suppose -r = 2*v + b, -v + 10 = -6*v. What is the units digit of r*5*(-14)/14 - -1?
6
Suppose 5*t - d - 50302 = 4827, -t + 11041 = -4*d. What is the hundreds digit of t?
0
Suppose -3*c + 0*c + 2*j = -15432, -15423 = -3*c + 5*j. What is the hundreds digit of c?
1
Suppose -14 = 5*m + 386. What is the tens digit of 20/m - 313/(-8)*10?
9
Let x(l) = -2*l**2 - 14*l - 2. Suppose 4*w - 3 + 12 = h, -5*h = -5*w + 15. Let v be x(h). What is the units digit of 762/v*(-5 - 13/(-3))?
4
What is the units digit of (-1152588)/(-64) + (-84)/448?
9
Let u(v) = 33*v**2 - 24*v - 471. What is the units digit of u(-15)?
4
What is the hundreds digit of (2124 - -6)*(-14)/(-4)?
4
Suppose p + 2*i - 9 - 7 = 0, -i + 11 = p. Suppose -h + 5*h = 2*v - 12, 0 = -4*h + 5*v - 18. What is the units digit of 3/h + 723/p?
9
What is the tens digit of (-10)/(-18) - 11907071/(-1557)?
4
Let y(b) = 2*b**2 - 16*b + 78. Let m be y(17). Let p = m - -102. What is the units digit of p?
6
Suppose 4*i - 80411 = 3*o, 130238 = 7*i + 5*o - 10512. What is the thousands digit of i?
0
Let x(k) = 1199*k - 256. Let z be x(12). Suppose 8902 = 22*o - z. What is the tens digit of o?
4
What is the units digit of (8 + 25/(-3))*822/(-2)?
7
Let z be -4 + ((-4)/4)/(4/16). Let d be z/40 + (-42)/15. What is the tens digit of d/7 + 6/14 + 197?
9
Suppose -93*k + 104684 = -124375. What is the tens digit of k?
6
Let c(r) = -594*r**2 - 4*r + 3. Let f be c(1). Let p = 923 + f. What is the units digit of p?
8
Suppose -117477 = -35*d + 10*d + 55898. What is the hundreds digit of d?
9
Suppose 4*y + 4*q - 236 = 0, -5*y + 5*q + 275 = -0*q. Let s = -55 + y. Let o(b) = 35*b + 2. What is the units digit of o(s)?
2
Suppose -1 = -18*b + 269. Suppose b*s - 8*s = 5705. What is the hundreds digit of s?
8
Suppose -3*b - 48*g = -46*g - 25073, 3*b - 3*g - 25083 = 0. What is the units digit of b?
9
Let c = 9 + -2. Let t(d) = d**3 - 12*d**2 + 7*d + 10. Let l(q) = -3*q**3 + 35*q**2 - 21*q - 29. Let j(p) = 3*l(p) + 8*t(p). What is the units digit of j(c)?
2
Let j(v) = -12*v + 421. Suppose y + h = 1, 3*y + h - 1 = -2*y. What is the tens digit of j(y)?
2
Suppose j - 63092 = -2*x, j = -82 + 78. What is the units digit of x?
8
Let p(d) = -225*d - 152. What is the units digit of p(-10)?
8
Let s = 116 + 6. Suppose -5*c - 35 - s = -m, 5*m - 4*c - 722 = 0. What is the hundreds digit of m?
1
Suppose 6 = -o + 8*d - 4*d, 5*o + 49 = d. Let n(k) = -9*k + 178. Let b(t) = 10*t - 239. Let i(u) = 3*b(u) + 4*n(u). What is the tens digit of i(o)?
5
What is the tens digit of (-8)/(-18) - 12198*(-1332)/486?
3
Let h = -10 + 10. Let s be (3/(-12)*h)/(-1). What is the units digit of (s + -3 + (-1008)/(-9))*1?
9
What is the thousands digit of (-8)/64*738*-48?
4
Let d = 5491 + -1215. What is the hundreds digit of d?
2
Suppose 3*d = -18 + 69. Suppose 2*l - h + 4*h - 465 = 0, 3*l - 706 = 4*h. Suppose l = d*a - 8*a. What is the tens digit of a?
2
Let c(g) = -2*g**3 + g**3 + 4*g**2 - 3*g**3 + 12*g + 0 - 4. Let n = -54 + 50. What is the units digit of c(n)?
8
Let o = 39820 + -7242. What is the ten thousands digit of o?
3
Suppose 0 = -4*n + 5*b + 25258, -4*b + 8*b = -2*n + 12668. What is the hundreds digit of n?
3
Suppose -66*f - 13374 = -69*f. What is the hundreds digit of f?
4
Let t = -3 - -5. Let z(c) = c**3 - c**2 - 1. Let i be z(t). Let h(r) = 5*r**2 + 6*r - 7. What is the units digit of h(i)?
6
Let v be 1 + 0 - (0 + 2 - -51). Let b = v + 56. Suppose 0 = -y - 0*y + b*n + 41, -4*y + 2*n = -94. What is the units digit of y?
1
Let w = -310 + 96. What is the tens digit of (6 - 5*w) + 7?
8
Let d = 157 + -273. Let j = d - -940. What is the tens digit of j?
2
Let z(c) = -c**2 - 11*c + 31. Let a be z(-23). Let y = 496 + a. What is the units digit of y?
1
Suppose -4*c + 117990 - 14282 = 2*z, z = 2. What is the hundreds digit of c?
9
Let n(t) = t**3 + 33*t**2 + 27*t - 31. Let g be ((117/(-6))/(-13))/((-6)/128). What is the tens digit of n(g)?
2
Let x = 273 + 347. Suppose -3*u + 635 = -4*n, x = 2*u - 4*n + 190. What is the units digit of u?
5
Let z(d) = -13931*d +